{"id":214,"date":"2023-12-22T17:30:06","date_gmt":"2023-12-22T16:30:06","guid":{"rendered":"https:\/\/bomboorigen.com\/?post_type=product&#038;p=214"},"modified":"2023-12-22T17:30:07","modified_gmt":"2023-12-22T16:30:07","slug":"centrifuga-para-laboratorio-8-tubos","status":"publish","type":"product","link":"https:\/\/bomboorigen.com\/?product=centrifuga-para-laboratorio-8-tubos","title":{"rendered":"Centr\u00edfuga para laboratorio 8 tubos"},"content":{"rendered":"<p>La centr\u00edfuga es un instrumento que proporciona una t\u00e9cnica de separaci\u00f3n que se basa en el movimiento de las part\u00edculas. De esta forma, las part\u00edculas se mueven hacia el final del eje de\u00a0 rotaci\u00f3n dependiendo de sus diferentes masas y formas.<br \/>\nLa fuerza centr\u00edfuga relativa (R.C.F.) es la fuerza requerida para que la separaci\u00f3n se pueda llevar a cabo. Las unidades de esta fuerza se expresan en n\u00fameros que son mayor que la gravedad (g).<\/p>\n<p>&nbsp;<\/p>\n<p>&nbsp;<\/p>\n","protected":false},"excerpt":{"rendered":"<p>-Centrifuga de plasma para laboratorio de 8 tubos.<br \/>\n&#8211; 3.500 RPM<br \/>\n-Manual, an\u00e1logo con funci\u00f3n b\u00e1sica de temporizador y puesta en funci\u00f3n<br \/>\n&#8211; Tapa con sensor de seguridad.<br \/>\n&#8211; Temporizador de 0-99s<\/p>\n","protected":false},"featured_media":216,"comment_status":"open","ping_status":"closed","template":"","meta":{"_joinchat":[]},"product_brand":[],"product_cat":[21],"product_tag":[51,52,53],"class_list":{"0":"post-214","1":"product","2":"type-product","3":"status-publish","4":"has-post-thumbnail","6":"product_cat-laboratorio","7":"product_tag-centrifuga","8":"product_tag-centrifuga-para-laboratorio","9":"product_tag-centrifugadora-de-plasma","11":"first","12":"instock","13":"shipping-taxable","14":"purchasable","15":"product-type-simple"},"_links":{"self":[{"href":"https:\/\/bomboorigen.com\/index.php?rest_route=\/wp\/v2\/product\/214","targetHints":{"allow":["GET"]}}],"collection":[{"href":"https:\/\/bomboorigen.com\/index.php?rest_route=\/wp\/v2\/product"}],"about":[{"href":"https:\/\/bomboorigen.com\/index.php?rest_route=\/wp\/v2\/types\/product"}],"replies":[{"embeddable":true,"href":"https:\/\/bomboorigen.com\/index.php?rest_route=%2Fwp%2Fv2%2Fcomments&post=214"}],"wp:featuredmedia":[{"embeddable":true,"href":"https:\/\/bomboorigen.com\/index.php?rest_route=\/wp\/v2\/media\/216"}],"wp:attachment":[{"href":"https:\/\/bomboorigen.com\/index.php?rest_route=%2Fwp%2Fv2%2Fmedia&parent=214"}],"wp:term":[{"taxonomy":"product_brand","embeddable":true,"href":"https:\/\/bomboorigen.com\/index.php?rest_route=%2Fwp%2Fv2%2Fproduct_brand&post=214"},{"taxonomy":"product_cat","embeddable":true,"href":"https:\/\/bomboorigen.com\/index.php?rest_route=%2Fwp%2Fv2%2Fproduct_cat&post=214"},{"taxonomy":"product_tag","embeddable":true,"href":"https:\/\/bomboorigen.com\/index.php?rest_route=%2Fwp%2Fv2%2Fproduct_tag&post=214"}],"curies":[{"name":"wp","href":"https:\/\/api.w.org\/{rel}","templated":true}]}}