{"id":170,"date":"2023-12-21T18:49:04","date_gmt":"2023-12-21T17:49:04","guid":{"rendered":"https:\/\/bomboorigen.com\/?post_type=product&#038;p=170"},"modified":"2023-12-21T18:53:59","modified_gmt":"2023-12-21T17:53:59","slug":"microscopio-binocular-scientific","status":"publish","type":"product","link":"https:\/\/bomboorigen.com\/?product=microscopio-binocular-scientific","title":{"rendered":"Microscopio Binocular Scientific"},"content":{"rendered":"<p>Elementos de vidrio \u00f3ptico profesional de alta calidad.<br \/>\nPuerto trinocular para agregar capacidad fotogr\u00e1fica o de video<br \/>\nCabezal trinocular giratorio de 360 grados inclinado a 45 grados<br \/>\nSeis (6) niveles de aumento: 40X-100X-250X-400X-1000X-2500X<br \/>\nDos (2) pares de oculares: WF10X y WF25X<br \/>\nPlatina mec\u00e1nica de doble capa tridimensional de gran tama\u00f1o con acabado resistente a las manchas<br \/>\nControles de movimiento de escenario coaxial de posici\u00f3n baja.<br \/>\nEnfoque fino grueso coaxial con control de tensi\u00f3n de perilla CA<br \/>\nAjuste deslizante de la distancia interpupilar<br \/>\nDioptr\u00edas oculares ajustables en ambos tubos oculares.<br \/>\nIluminaci\u00f3n hal\u00f3gena de intensidad variable<br \/>\nIm\u00e1genes de alta resoluci\u00f3n en un amplio campo de visi\u00f3n.<br \/>\nEstructura met\u00e1lica<br \/>\nAjuste de enfoque coaxial grueso y fino<br \/>\nPerillas de enfoque duales (en ambos lados)<br \/>\nEl bloqueo de movimiento hacia arriba del escenario protege los objetivos y las diapositivas.<br \/>\nPlatina mec\u00e1nica de doble capa resistente a las manchas.<\/p>\n<p>&nbsp;<\/p>\n","protected":false},"excerpt":{"rendered":"<p>40X-2500X Ocho configuraciones de aumento<br \/>\nCabezal deslizante trinocular de campo amplio<br \/>\nCondensador Abbe con diafragma iris<br \/>\nEstructura met\u00e1lica con enfoque coaxial grueso y fino.<br \/>\nPuerto trinocular para agregar capacidad fotogr\u00e1fica o de video<\/p>\n<p>Ofrece seis niveles de aumento: 40X, 100X, 250X, 400X, 1000X y 2500X. El puerto trinocular permite agregar capacidad fotogr\u00e1fica o de video.<\/p>\n","protected":false},"featured_media":171,"comment_status":"open","ping_status":"closed","template":"","meta":{"_joinchat":[]},"product_brand":[],"product_cat":[21],"product_tag":[40,41,42],"class_list":{"0":"post-170","1":"product","2":"type-product","3":"status-publish","4":"has-post-thumbnail","6":"product_cat-laboratorio","7":"product_tag-microscopio","8":"product_tag-microscopio-binocular","9":"product_tag-microscopio-de-laboratorio","11":"first","12":"instock","13":"shipping-taxable","14":"purchasable","15":"product-type-simple"},"_links":{"self":[{"href":"https:\/\/bomboorigen.com\/index.php?rest_route=\/wp\/v2\/product\/170","targetHints":{"allow":["GET"]}}],"collection":[{"href":"https:\/\/bomboorigen.com\/index.php?rest_route=\/wp\/v2\/product"}],"about":[{"href":"https:\/\/bomboorigen.com\/index.php?rest_route=\/wp\/v2\/types\/product"}],"replies":[{"embeddable":true,"href":"https:\/\/bomboorigen.com\/index.php?rest_route=%2Fwp%2Fv2%2Fcomments&post=170"}],"wp:featuredmedia":[{"embeddable":true,"href":"https:\/\/bomboorigen.com\/index.php?rest_route=\/wp\/v2\/media\/171"}],"wp:attachment":[{"href":"https:\/\/bomboorigen.com\/index.php?rest_route=%2Fwp%2Fv2%2Fmedia&parent=170"}],"wp:term":[{"taxonomy":"product_brand","embeddable":true,"href":"https:\/\/bomboorigen.com\/index.php?rest_route=%2Fwp%2Fv2%2Fproduct_brand&post=170"},{"taxonomy":"product_cat","embeddable":true,"href":"https:\/\/bomboorigen.com\/index.php?rest_route=%2Fwp%2Fv2%2Fproduct_cat&post=170"},{"taxonomy":"product_tag","embeddable":true,"href":"https:\/\/bomboorigen.com\/index.php?rest_route=%2Fwp%2Fv2%2Fproduct_tag&post=170"}],"curies":[{"name":"wp","href":"https:\/\/api.w.org\/{rel}","templated":true}]}}