{"id":146,"date":"2023-12-21T16:49:34","date_gmt":"2023-12-21T15:49:34","guid":{"rendered":"https:\/\/bomboorigen.com\/?post_type=product&#038;p=146"},"modified":"2024-11-27T10:58:45","modified_gmt":"2024-11-27T15:58:45","slug":"desfibrilador-philips","status":"publish","type":"product","link":"https:\/\/bomboorigen.com\/?product=desfibrilador-philips","title":{"rendered":"Desfibrilador PHILIPS"},"content":{"rendered":"<p>En modo Monitorizaci\u00f3n puede monitorizar hasta cuatro formas de onda de ECG, adquiridas a trav\u00e9s de un<br \/>\ncable de ECG con 3, 5 \u00f3 10 latiguillos. Tambi\u00e9n se encuentran disponibles las monitorizaciones opcionales<br \/>\nde pulsioximetr\u00eda (SpO2), presi\u00f3n sangu\u00ednea no invasiva (PNI), di\u00f3xido de carbono (CO2ef), temperatura y<br \/>\npresi\u00f3n invasiva. Las mediciones de estos par\u00e1metros se muestran en la pantalla. Se encuentran disponibles<br \/>\nalarmas para avisarle acerca de los cambios en el estado del paciente. Tambi\u00e9n puede abrir un Informe de<br \/>\ntendencias de signos vitales con el fin de visualizar todos los par\u00e1metros clave y sus mediciones.<br \/>\nEl modo de monitorizaci\u00f3n tambi\u00e9n proporciona una funci\u00f3n opcional de ECG de 12 derivaciones,<br \/>\nque le permite previsualizar, adquirir, copiar e imprimir el ECG de 12 derivaciones. Tambi\u00e9n puede<br \/>\ntransmitir informes de 12 derivaciones a trav\u00e9s de la opci\u00f3n de Transmisi\u00f3n de ECG de 12 derivaciones.<br \/>\nEl modo manual ofrece una desfibrilaci\u00f3n sencilla en 3 pasos. An\u00e1lisis del ECG del paciente y, si es<br \/>\nsusceptible de desfibrilaci\u00f3n: 1) seleccionar un nivel de energ\u00eda, 2) cargar y 3) efectuar un choque. La<br \/>\ndesfibrilaci\u00f3n puede realizarse utilizando palas o electrodos de desfibrilaci\u00f3n multifunci\u00f3n. El modo<br \/>\nmanual tambi\u00e9n permite realizar cardioversi\u00f3n sincronizada y desfibrilaci\u00f3n interna. Si se desea, el uso<br \/>\ndel modo manual puede estar protegido mediante contrase\u00f1a.<br \/>\nEn el modo DEA, el HeartStart MRx analiza el ECG del paciente y determina si es conveniente o no<br \/>\nefectuar un choque. Las indicaciones de voz en espa\u00f1ol le guiar\u00e1n a trav\u00e9s del proceso de desfibrilaci\u00f3n<br \/>\nen 3 pasos, proporcion\u00e1ndole instrucciones f\u00e1ciles de seguir e informaci\u00f3n sobre el paciente. Estas<br \/>\nindicaciones de voz se refuerzan con la aparici\u00f3n de mensajes en la pantalla.<br \/>\nTanto el modo manual como el modo DEA incluyen la forma de onda bif\u00e1sica SMART de baja energ\u00eda de<br \/>\nPhilips para la desfibrilaci\u00f3n. Ambos modos ofrecen la opci\u00f3n Q-CPR\u2122, que proporciona instrucciones<br \/>\nsobre la medici\u00f3n en tiempo real acerca de la velocidad, profundidad y duraci\u00f3n de las compresiones de<br \/>\nRCP, as\u00ed como de la frecuencia y volumen de las ventilaciones. Informa tambi\u00e9n sobre la ausencia de<br \/>\nactividad de la RCP. Los dos modos tambi\u00e9n disponen de la funci\u00f3n Audio opcional que permite realizar<br \/>\ngrabaciones durante el incidente de un paciente.<\/p>\n","protected":false},"excerpt":{"rendered":"<p>El HeartStart MRx es un monitor\/desfibrilador ligero y port\u00e1til, que proporciona cuatro modos de<br \/>\nfuncionamiento: monitorizaci\u00f3n, desfibrilaci\u00f3n manual, desfibrilaci\u00f3n semiautom\u00e1tica (DEA) y<br \/>\nmarcapasos (opcional).<\/p>\n<p>&nbsp;<\/p>\n","protected":false},"featured_media":133,"comment_status":"open","ping_status":"closed","template":"","meta":{"_joinchat":[]},"product_brand":[],"product_cat":[27],"product_tag":[29,28,30],"class_list":{"0":"post-146","1":"product","2":"type-product","3":"status-publish","4":"has-post-thumbnail","6":"product_cat-reanimacion","7":"product_tag-dea","8":"product_tag-desfibrilador","9":"product_tag-reanimador","11":"first","12":"instock","13":"shipping-taxable","14":"purchasable","15":"product-type-simple"},"_links":{"self":[{"href":"https:\/\/bomboorigen.com\/index.php?rest_route=\/wp\/v2\/product\/146","targetHints":{"allow":["GET"]}}],"collection":[{"href":"https:\/\/bomboorigen.com\/index.php?rest_route=\/wp\/v2\/product"}],"about":[{"href":"https:\/\/bomboorigen.com\/index.php?rest_route=\/wp\/v2\/types\/product"}],"replies":[{"embeddable":true,"href":"https:\/\/bomboorigen.com\/index.php?rest_route=%2Fwp%2Fv2%2Fcomments&post=146"}],"wp:featuredmedia":[{"embeddable":true,"href":"https:\/\/bomboorigen.com\/index.php?rest_route=\/wp\/v2\/media\/133"}],"wp:attachment":[{"href":"https:\/\/bomboorigen.com\/index.php?rest_route=%2Fwp%2Fv2%2Fmedia&parent=146"}],"wp:term":[{"taxonomy":"product_brand","embeddable":true,"href":"https:\/\/bomboorigen.com\/index.php?rest_route=%2Fwp%2Fv2%2Fproduct_brand&post=146"},{"taxonomy":"product_cat","embeddable":true,"href":"https:\/\/bomboorigen.com\/index.php?rest_route=%2Fwp%2Fv2%2Fproduct_cat&post=146"},{"taxonomy":"product_tag","embeddable":true,"href":"https:\/\/bomboorigen.com\/index.php?rest_route=%2Fwp%2Fv2%2Fproduct_tag&post=146"}],"curies":[{"name":"wp","href":"https:\/\/api.w.org\/{rel}","templated":true}]}}